{"id":39,"date":"2024-10-02T13:14:34","date_gmt":"2024-10-02T13:14:34","guid":{"rendered":"https:\/\/limpezadecondominios.pt\/?page_id=39"},"modified":"2024-10-02T16:01:50","modified_gmt":"2024-10-02T16:01:50","slug":"a-propos","status":"publish","type":"page","link":"https:\/\/limpezadecondominios.pt\/?page_id=39","title":{"rendered":"A propos"},"content":{"rendered":"\n<div class=\"wp-block-cover alignfull is-light\" style=\"margin-top:0;margin-bottom:0;padding-top:0px;padding-bottom:80px;min-height:300px;aspect-ratio:unset;\"><span aria-hidden=\"true\" class=\"wp-block-cover__background has-background-dim-0 has-background-dim\" style=\"background-color:#e9ceb0\"><\/span><img decoding=\"async\" class=\"wp-block-cover__image-background wp-image-4206\" alt=\"\" src=\"https:\/\/tyler.com\/wp-content\/uploads\/2023\/12\/surf-banner1.jpg\" style=\"object-position:100% 50%\" data-object-fit=\"cover\" data-object-position=\"100% 50%\"\/><div class=\"wp-block-cover__inner-container has-global-padding is-layout-constrained wp-container-core-cover-is-layout-d4c6b484 wp-block-cover-is-layout-constrained\">\n<div style=\"height:150px\" aria-hidden=\"true\" class=\"wp-block-spacer\"><\/div>\n\n\n\n<h1 class=\"wp-block-heading has-text-align-center has-text-color has-link-color has-suranna-font-family wp-elements-40ef47797ea9847bc1acb326f9e5c72f\" style=\"color:#ffffff;font-size:clamp(38.682px, 2.418rem + ((1vw - 3.2px) * 3.786), 72px);font-style:normal;font-weight:500\">Limpeza Perfeita<\/h1>\n<\/div><\/div>\n\n\n\n<section class=\"wp-block-group alignfull has-global-padding is-layout-constrained wp-container-core-group-is-layout-608bbd49 wp-block-group-is-layout-constrained\" style=\"margin-top:0px;padding-top:6rem;padding-right:1rem;padding-bottom:5rem;padding-left:1rem;font-size:clamp(0.875rem, 0.875rem + ((1vw - 0.2rem) * 0.464), 1.13rem);font-style:normal;font-weight:400;line-height:1.4\">\n<div class=\"wp-block-columns is-layout-flex wp-container-core-columns-is-layout-03ad6a19 wp-block-columns-is-layout-flex\" style=\"margin-bottom:0px\">\n<div class=\"wp-block-column is-vertically-aligned-center is-layout-flow wp-block-column-is-layout-flow\" style=\"flex-basis:50%\">\n<figure class=\"wp-block-image alignleft size-full is-resized is-style-default\"><img loading=\"lazy\" decoding=\"async\" width=\"500\" height=\"500\" src=\"http:\/\/limpezadecondominios.pt\/wp-content\/uploads\/2024\/10\/Etsy-Profile-Image.png\" alt=\"\" class=\"wp-image-5\" style=\"object-fit:cover;width:442px;height:auto\" srcset=\"https:\/\/limpezadecondominios.pt\/wp-content\/uploads\/2024\/10\/Etsy-Profile-Image.png 500w, https:\/\/limpezadecondominios.pt\/wp-content\/uploads\/2024\/10\/Etsy-Profile-Image-300x300.png 300w, https:\/\/limpezadecondominios.pt\/wp-content\/uploads\/2024\/10\/Etsy-Profile-Image-150x150.png 150w, https:\/\/limpezadecondominios.pt\/wp-content\/uploads\/2024\/10\/Etsy-Profile-Image-1x1.png 1w\" sizes=\"auto, (max-width: 500px) 100vw, 500px\" \/><\/figure>\n<\/div>\n\n\n\n<div class=\"wp-block-column is-vertically-aligned-center has-global-padding is-layout-constrained wp-container-core-column-is-layout-c4a7d96a wp-block-column-is-layout-constrained\" style=\"flex-basis:50%\">\n<h3 class=\"wp-block-heading has-text-align-left has-text-color has-suranna-font-family\" style=\"color:#000000;margin-top:0.5rem;margin-bottom:0rem;font-size:clamp(24.034px, 1.502rem + ((1vw - 3.2px) * 1.814), 40px);font-style:normal;font-weight:500;letter-spacing:0px;line-height:1.3\">Comprometidos com a Sua Satisfa\u00e7\u00e3o e Conforto<\/h3>\n\n\n\n<p class=\"has-text-align-left has-text-color has-pontano-sans-font-family\" style=\"color:#000000;margin-top:20px;margin-bottom:20px;font-size:clamp(14px, 0.875rem + ((1vw - 3.2px) * 0.455), 18px);font-style:normal;font-weight:400;line-height:1.5\">Na Limpeza de Condominios, n\u00f3s entendemos a import\u00e2ncia de um espa\u00e7o limpo e acolhedor. Nosso objetivo \u00e9 oferecer servi\u00e7os de limpeza de alta qualidade que garantam a higiene e o conforto em todas as \u00e1reas comuns do seu pr\u00e9dio. Com equipes treinadas e dedicadas, trabalhamos de forma flex\u00edvel, adaptando-nos \u00e0s suas necessidades. Acreditamos que um condom\u00ednio limpo n\u00e3o \u00e9 apenas uma obriga\u00e7\u00e3o, mas um verdadeiro lar para todos os moradores. Estamos aqui para transformar seu espa\u00e7o e proporcionar um ambiente agrad\u00e1vel para todos!<\/p>\n\n\n\n<div class=\"wp-block-buttons is-horizontal is-content-justification-left is-layout-flex wp-container-core-buttons-is-layout-2c34cf1c wp-block-buttons-is-layout-flex\" style=\"margin-top:0.51rem\">\n<div class=\"wp-block-button has-custom-width wp-block-button__width-50 has-custom-font-size is-style-fill has-pontano-sans-font-family\" style=\"font-size:clamp(0.875rem, 0.875rem + ((1vw - 0.2rem) * 0.245), 1.01rem);font-style:normal;font-weight:600;letter-spacing:1px;line-height:1.5;text-transform:uppercase\"><a class=\"wp-block-button__link has-text-color has-background wp-element-button\" href=\"#\" style=\"border-style:none;border-width:0px;border-radius:0rem;color:#fffffd;background-color:#e27013;padding-top:0.71rem;padding-right:0.31rem;padding-bottom:0.71rem;padding-left:0.31rem\">Pe\u00e7a Or\u00e7amento<\/a><\/div>\n<\/div>\n<\/div>\n<\/div>\n<\/section>\n\n\n\n<div class=\"wp-block-cover alignfull is-light\" style=\"padding-top:6rem;padding-bottom:6rem\"><span aria-hidden=\"true\" class=\"wp-block-cover__background has-background-dim-10 has-background-dim\" style=\"background-color:#e27013\"><\/span><div class=\"wp-block-cover__inner-container has-global-padding is-layout-constrained wp-container-core-cover-is-layout-5cbdda46 wp-block-cover-is-layout-constrained\">\n<h2 class=\"wp-block-heading has-text-align-center has-text-color has-link-color has-suranna-font-family wp-elements-5d6f6e4fd2da4d6e0fb735183ad6128d\" style=\"color:#000000;font-size:clamp(24.034px, 1.502rem + ((1vw - 3.2px) * 1.814), 40px);font-style:normal;font-weight:500;letter-spacing:1px\">Nossa Trajet\u00f3ria de Excel\u00eancia em Limpeza<\/h2>\n\n\n\n<p class=\"has-text-align-center has-text-color has-link-color wp-elements-f86d26c050f0139d2cc341de78c9f345\" style=\"color:#000000;font-size:clamp(14px, 0.875rem + ((1vw - 3.2px) * 0.455), 18px);\">A nossa jornada come\u00e7ou com um simples desejo: transformar a limpeza de condom\u00ednios em uma experi\u00eancia excepcional. Desde o primeiro dia, focamos em proporcionar um servi\u00e7o de qualidade que fa\u00e7a a diferen\u00e7a na vida dos moradores. Com dedica\u00e7\u00e3o e paix\u00e3o, reunimos uma equipe de profissionais experientes que compartilham nosso compromisso com a excel\u00eancia. \n\nAtrav\u00e9s de m\u00e9todos eficientes e produtos seguros, garantimos que cada espa\u00e7o seja tratado com o cuidado que merece. Ao longo dos anos, conquistamos a confian\u00e7a de in\u00fameros condom\u00ednios, sempre buscando inovar e adaptar nossos servi\u00e7os \u00e0s novas necessidades. Estamos prontos para continuar crescendo e fazendo a limpeza de seu condom\u00ednio um verdadeiro prazer!<\/p>\n\n\n\n<div class=\"wp-block-buttons is-horizontal is-content-justification-center is-layout-flex wp-container-core-buttons-is-layout-bb07f847 wp-block-buttons-is-layout-flex\" style=\"margin-top:30px\">\n<div class=\"wp-block-button has-custom-width wp-block-button__width-25 has-custom-font-size is-style-fill has-pontano-sans-font-family\" style=\"font-size:clamp(0.875rem, 0.875rem + ((1vw - 0.2rem) * 0.245), 1.01rem);font-style:normal;font-weight:600;letter-spacing:1px;line-height:1.5;text-transform:uppercase\"><a class=\"wp-block-button__link has-text-color has-background wp-element-button\" href=\"#\" style=\"border-style:none;border-width:0px;border-radius:0rem;color:#fffffd;background-color:#e27013;padding-top:0.71rem;padding-right:0.31rem;padding-bottom:0.71rem;padding-left:0.31rem\">Saiba Mais<\/a><\/div>\n<\/div>\n<\/div><\/div>\n\n\n\n<section class=\"wp-block-group alignfull has-global-padding is-layout-constrained wp-container-core-group-is-layout-8202059b wp-block-group-is-layout-constrained\" style=\"margin-top:0px;padding-top:6rem;padding-right:1rem;padding-bottom:6rem;padding-left:1rem;font-size:clamp(0.875rem, 0.875rem + ((1vw - 0.2rem) * 0.464), 1.13rem);font-style:normal;font-weight:400;line-height:1.4\">\n<div class=\"wp-block-columns is-layout-flex wp-container-core-columns-is-layout-03ad6a19 wp-block-columns-is-layout-flex\" style=\"margin-bottom:0px\">\n<div class=\"wp-block-column is-vertically-aligned-center has-global-padding is-layout-constrained wp-container-core-column-is-layout-c4a7d96a wp-block-column-is-layout-constrained\" style=\"flex-basis:50%\">\n<h3 class=\"wp-block-heading has-text-align-left has-text-color has-suranna-font-family\" style=\"color:#010101;margin-top:0.5rem;margin-bottom:0rem;font-size:clamp(24.034px, 1.502rem + ((1vw - 3.2px) * 1.814), 40px);font-style:normal;font-weight:500;letter-spacing:0px;line-height:1.3\">Como Podemos Ajudar<\/h3>\n\n\n\n<p class=\"has-text-align-left has-text-color has-pontano-sans-font-family\" style=\"color:#010101;margin-top:20px;margin-bottom:20px;font-size:clamp(14px, 0.875rem + ((1vw - 3.2px) * 0.455), 18px);font-style:normal;font-weight:400;line-height:1.5\">Na Limpeza de Condominios, acreditamos que a base de um \u00f3timo servi\u00e7o est\u00e1 em princ\u00edpios s\u00f3lidos. Priorizamos a qualidade em tudo o que fazemos, garantindo que cada espa\u00e7o seja tratado com aten\u00e7\u00e3o e carinho. A transpar\u00eancia \u00e9 fundamental para n\u00f3s; voc\u00ea sempre saber\u00e1 o que esperar. Nosso compromisso com a flexibilidade garante que trabalhamos nos hor\u00e1rios que melhor atendem \u00e0s suas necessidades. E, acima de tudo, valorizamos a satisfa\u00e7\u00e3o dos moradores, pois acreditamos que um condom\u00ednio limpo \u00e9 um lar feliz. Estamos aqui para fazer a diferen\u00e7a!<\/p>\n\n\n\n<div class=\"wp-block-buttons is-horizontal is-content-justification-left is-layout-flex wp-container-core-buttons-is-layout-2c34cf1c wp-block-buttons-is-layout-flex\" style=\"margin-top:0.51rem\">\n<div class=\"wp-block-button has-custom-width wp-block-button__width-50 has-custom-font-size is-style-fill has-pontano-sans-font-family\" style=\"font-size:clamp(0.875rem, 0.875rem + ((1vw - 0.2rem) * 0.245), 1.01rem);font-style:normal;font-weight:600;letter-spacing:1px;line-height:1.5;text-transform:uppercase\"><a class=\"wp-block-button__link has-text-color has-background wp-element-button\" href=\"#\" style=\"border-style:none;border-width:0px;border-radius:0rem;color:#fffffd;background-color:#e27013;padding-top:0.71rem;padding-right:0.31rem;padding-bottom:0.71rem;padding-left:0.31rem\">Explore Nossos Servi\u00e7os<\/a><\/div>\n<\/div>\n<\/div>\n\n\n\n<div class=\"wp-block-column is-vertically-aligned-center is-layout-flow wp-block-column-is-layout-flow\" style=\"flex-basis:50%\">\n<figure class=\"wp-block-image alignright size-full has-custom-border is-style-default\"><img loading=\"lazy\" decoding=\"async\" width=\"2560\" height=\"1707\" src=\"http:\/\/limpezadecondominios.pt\/wp-content\/uploads\/2024\/10\/pexels-tima-miroshnichenko-6197123-1-scaled.jpg\" alt=\"\" class=\"has-border-color has-tertiary-border-color wp-image-81\" style=\"border-width:1px;border-radius:27px;aspect-ratio:1;object-fit:cover\" srcset=\"https:\/\/limpezadecondominios.pt\/wp-content\/uploads\/2024\/10\/pexels-tima-miroshnichenko-6197123-1-scaled.jpg 2560w, https:\/\/limpezadecondominios.pt\/wp-content\/uploads\/2024\/10\/pexels-tima-miroshnichenko-6197123-1-300x200.jpg 300w, https:\/\/limpezadecondominios.pt\/wp-content\/uploads\/2024\/10\/pexels-tima-miroshnichenko-6197123-1-1024x683.jpg 1024w, https:\/\/limpezadecondominios.pt\/wp-content\/uploads\/2024\/10\/pexels-tima-miroshnichenko-6197123-1-768x512.jpg 768w, https:\/\/limpezadecondominios.pt\/wp-content\/uploads\/2024\/10\/pexels-tima-miroshnichenko-6197123-1-1536x1024.jpg 1536w, https:\/\/limpezadecondominios.pt\/wp-content\/uploads\/2024\/10\/pexels-tima-miroshnichenko-6197123-1-2048x1365.jpg 2048w\" sizes=\"auto, (max-width: 2560px) 100vw, 2560px\" \/><\/figure>\n<\/div>\n<\/div>\n<\/section>\n\n\n\n<section class=\"wp-block-cover alignfull is-light\" style=\"margin-top:0px;padding-top:1.01rem;padding-bottom:1.01rem;min-height:430px;aspect-ratio:unset;\"><span aria-hidden=\"true\" class=\"wp-block-cover__background has-white-background-color has-background-dim\"><\/span><img loading=\"lazy\" decoding=\"async\" width=\"1280\" height=\"1707\" class=\"wp-block-cover__image-background wp-image-85\" alt=\"\" src=\"http:\/\/limpezadecondominios.pt\/wp-content\/uploads\/2024\/10\/pexels-m-art-studio-1522482152-27333229.jpg\" data-object-fit=\"cover\" srcset=\"https:\/\/limpezadecondominios.pt\/wp-content\/uploads\/2024\/10\/pexels-m-art-studio-1522482152-27333229.jpg 1280w, https:\/\/limpezadecondominios.pt\/wp-content\/uploads\/2024\/10\/pexels-m-art-studio-1522482152-27333229-225x300.jpg 225w, https:\/\/limpezadecondominios.pt\/wp-content\/uploads\/2024\/10\/pexels-m-art-studio-1522482152-27333229-768x1024.jpg 768w, https:\/\/limpezadecondominios.pt\/wp-content\/uploads\/2024\/10\/pexels-m-art-studio-1522482152-27333229-1152x1536.jpg 1152w\" sizes=\"auto, (max-width: 1280px) 100vw, 1280px\" \/><div class=\"wp-block-cover__inner-container has-global-padding is-layout-constrained wp-container-core-cover-is-layout-b1bebcb3 wp-block-cover-is-layout-constrained\">\n<div class=\"wp-block-group has-text-color is-layout-flow wp-block-group-is-layout-flow\" style=\"color:#fffffd;margin-top:0px;padding-top:0rem;padding-right:1rem;padding-bottom:0rem;padding-left:1rem;font-size:clamp(0.875rem, 0.875rem + ((1vw - 0.2rem) * 0.464), 1.13rem);font-style:normal;font-weight:400;line-height:1.4\">\n<div class=\"wp-block-group has-global-padding is-layout-constrained wp-block-group-is-layout-constrained\">\n<p class=\"has-text-align-center has-text-color\" style=\"color:#2e2e3a;margin-bottom:0rem;font-size:clamp(1.507rem, 1.507rem + ((1vw - 0.2rem) * 1.824), 2.51rem);font-style:normal;font-weight:400;line-height:1.2\">Escolher a Limpeza de Condominios foi a melhor decis\u00e3o para o meu pr\u00e9dio. Profissionalismo garantido!<\/p>\n<\/div>\n\n\n\n<div class=\"wp-block-group is-vertical is-content-justification-stretch is-layout-flex wp-container-core-group-is-layout-bfdebe91 wp-block-group-is-layout-flex\" style=\"margin-top:1.81rem;padding-right:0px;padding-left:0px\">\n<div class=\"wp-block-group has-global-padding is-content-justification-center is-layout-constrained wp-container-core-group-is-layout-2f0bcb29 wp-block-group-is-layout-constrained\" style=\"margin-top:0px\">\n<div class=\"wp-block-buttons is-horizontal is-content-justification-right is-layout-flex wp-container-core-buttons-is-layout-099266fd wp-block-buttons-is-layout-flex\" style=\"margin-top:0.51rem\">\n<div class=\"wp-block-button has-custom-width wp-block-button__width-100 has-custom-font-size is-style-fill\" style=\"font-size:clamp(0.875rem, 0.875rem + ((1vw - 0.2rem) * 0.245), 1.01rem);font-style:normal;font-weight:600;line-height:1.5;text-transform:uppercase\"><a class=\"wp-block-button__link has-text-color has-background wp-element-button\" href=\"#\" style=\"border-style:none;border-width:0px;border-radius:0rem;color:#fffffd;background-color:#e27013;padding-top:0.71rem;padding-right:0.31rem;padding-bottom:0.71rem;padding-left:0.31rem\">Veja Depoimentos<\/a><\/div>\n<\/div>\n<\/div>\n<\/div>\n<\/div>\n<\/div><\/section>\n\n\n\n<p><\/p>\n","protected":false},"excerpt":{"rendered":"<p>Comprometidos com a Sua Satisfa\u00e7\u00e3o e Conforto Na Limpeza de Condominios, n\u00f3s entendemos a import\u00e2ncia de um espa\u00e7o limpo e acolhedor. Nosso objetivo \u00e9 oferecer servi\u00e7os de limpeza de alta qualidade que garantam a higiene e o conforto em todas as \u00e1reas comuns do seu pr\u00e9dio. Com equipes treinadas e dedicadas, trabalhamos de forma flex\u00edvel, [&hellip;]<\/p>\n","protected":false},"author":1,"featured_media":0,"parent":0,"menu_order":0,"comment_status":"closed","ping_status":"closed","template":"","meta":{"footnotes":""},"class_list":["post-39","page","type-page","status-publish","hentry"],"_links":{"self":[{"href":"https:\/\/limpezadecondominios.pt\/index.php?rest_route=\/wp\/v2\/pages\/39","targetHints":{"allow":["GET"]}}],"collection":[{"href":"https:\/\/limpezadecondominios.pt\/index.php?rest_route=\/wp\/v2\/pages"}],"about":[{"href":"https:\/\/limpezadecondominios.pt\/index.php?rest_route=\/wp\/v2\/types\/page"}],"author":[{"embeddable":true,"href":"https:\/\/limpezadecondominios.pt\/index.php?rest_route=\/wp\/v2\/users\/1"}],"replies":[{"embeddable":true,"href":"https:\/\/limpezadecondominios.pt\/index.php?rest_route=%2Fwp%2Fv2%2Fcomments&post=39"}],"version-history":[{"count":5,"href":"https:\/\/limpezadecondominios.pt\/index.php?rest_route=\/wp\/v2\/pages\/39\/revisions"}],"predecessor-version":[{"id":102,"href":"https:\/\/limpezadecondominios.pt\/index.php?rest_route=\/wp\/v2\/pages\/39\/revisions\/102"}],"wp:attachment":[{"href":"https:\/\/limpezadecondominios.pt\/index.php?rest_route=%2Fwp%2Fv2%2Fmedia&parent=39"}],"curies":[{"name":"wp","href":"https:\/\/api.w.org\/{rel}","templated":true}]}}